ded by 72.
7
Calculate the remainder when 17744 is divided by 97.
90
Calculate the remainder when 366800 is divided by 69.
65
Calculate the remainder when 337259 is divided by 337232.
27
What is the remainder when 212793 is divided by 123?
3
What is the remainder when 246 is divided by 33?
15
Calculate the remainder when 9148 is divided by 67.
36
Calculate the remainder when 84449 is divided by 172.
169
Calculate the remainder when 1324 is divided by 8.
4
Calculate the remainder when 39583 is divided by 19691.
201
What is the remainder when 23816 is divided by 115?
11
Calculate the remainder when 12939 is divided by 58.
5
What is the remainder when 40997 is divided by 125?
122
What is the remainder when 1893 is divided by 276?
237
What is the remainder when 247729 is divided by 79?
64
What is the remainder when 37057 is divided by 2177?
48
Calculate the remainder when 9135 is divided by 2250.
135
Calculate the remainder when 233295 is divided by 6.
3
Calculate the remainder when 6120 is divided by 1527.
12
Calculate the remainder when 52051 is divided by 13004.
35
What is the remainder when 3053140 is divided by 639?
637
What is the remainder when 5728 is divided by 107?
57
Calculate the remainder when 338442 is divided by 67686.
12
What is the remainder when 562842 is divided by 12?
6
Calculate the remainder when 9182 is divided by 914.
42
Calculate the remainder when 33770 is divided by 1926.
1028
What is the remainder when 481543 is divided by 2575?
18
Calculate the remainder when 6325 is divided by 2097.
34
Calculate the remainder when 2067 is divided by 7.
2
Calculate the remainder when 17927 is divided by 17.
9
What is the remainder when 81268 is divided by 104?
44
What is the remainder when 124763 is divided by 74?
73
Calculate the remainder when 12209 is divided by 615.
524
What is the remainder when 1085 is divided by 152?
21
What is the remainder when 2100 is divided by 684?
48
What is the remainder when 156737 is divided by 552?
521
What is the remainder when 629 is divided by 493?
136
What is the remainder when 56938 is divided by 292?
290
What is the remainder when 17953 is divided by 4403?
341
Calculate the remainder when 1451 is divided by 33.
32
What is the remainder when 90274 is divided by 40?
34
What is the remainder when 2308 is divided by 527?
200
What is the remainder when 37983 is divided by 1027?
1011
What is the remainder when 2238 is divided by 331?
252
Calculate the remainder when 575 is divided by 8.
7
What is the remainder when 2496 is divided by 79?
47
What is the remainder when 666459 is divided by 470?
469
What is the remainder when 2695 is divided by 377?
56
Calculate the remainder when 3451 is divided by 15.
1
What is the remainder when 3461 is divided by 51?
44
What is the remainder when 5684 is divided by 836?
668
Calculate the remainder when 43997 is divided by 12.
5
Calculate the remainder when 146618 is divided by 40.
18
What is the remainder when 206233 is divided by 483?
475
Calculate the remainder when 62140 is divided by 61.
42
What is the remainder when 1031 is divided by 132?
107
Calculate the remainder when 98755 is divided by 262.
243
Calculate the remainder when 5621 is divided by 152.
149
Calculate the remainder when 6857 is divided by 3317.
223
Calculate the remainder when 2665732 is divided by 118.
112
Calculate the remainder when 293693 is divided by 169.
140
What is the remainder when 6021 is divided by 266?
169
What is the remainder when 28496 is divided by 1055?
11
What is the remainder when 1571 is divided by 225?
221
What is the remainder when 2286 is divided by 647?
345
What is the remainder when 44817 is divided by 184?
105
Calculate the remainder when 11627 is divided by 49.
14
What is the remainder when 153907 is divided by 170?
57
What is the remainder when 94996 is divided by 18997?
11
Calculate the remainder when 114845 is divided by 19139.
11
What is the remainder when 3875 is divided by 928?
163
What is the remainder when 5130 is divided by 363?
48
What is the remainder when 3381 is divided by 481?
14
What is the remainder when 199928 is divided by 37?
17
What is the remainder when 812 is divided by 107?
63
Calculate the remainder when 12321 is divided by 6150.
21
Calculate the remainder when 5996 is divided by 157.
30
What is the remainder when 182 is divided by 12?
2
Calculate the remainder when 6622 is divided by 603.
592
What is the remainder when 40084 is divided by 40006?
78
Calculate the remainder when 14569 is divided by 841.
272
What is the remainder when 221966 is divided by 70?
66
Calculate the remainder when 34188 is divided by 2271.
123
What is the remainder when 11785 is divided by 1753?
1267
What is the remainder when 17836 is divided by 194?
182
What is the remainder when 6980 is divided by 2311?
47
Calculate the remainder when 7594 is divided by 1283.
1179
What is the remainder when 164904 is divided by 40?
24
Calculate the remainder when 41465 is divided by 13815.
20
Calculate the remainder when 22329 is divided by 25.
4
Calculate the remainder when 19342 is divided by 248.
246
Calculate the remainder when 17702 is divided by 685.
577
Calculate the remainder when 1430 is divided by 472.
14
Calculate the remainder when 254424 is divided by 63604.
8
Calculate the remainder when 1406 is divided by 97.
48
Calculate the remainder when 76409 is divided by 30.
29
Calculate the remainder when 2639 is divided by 2078.
561
What is the remainder when 90775 is divided by 45378?
19
Calculate the remainder when 16776 is divided by 52.
32
What is the remainder when 86713 is divided by 12379?
60
What is the remainder when 2374 is divided by 248?
142
Calculate the remainder when 78328 is divided by 8701.
19
What is the remainder when 6630 is divided by 25?
5
What is the remainder when 321 is divided by 127?
67
What is the remainder when 3025 is divided by 1006?
7
What is the remainder when 7718 is divided by 29?
4
What is the remainder when 1552 is divided by 333?
220
What is the remainder when 5331 is divided by 128?
83
Calculate the remainder when 1790584 is divided by 6.
4
Calculate the remainder when 10784 is divided by 5372.
40
Calculate the remainder when 8477 is divided by 1232.
1085
What is the remainder when 80672 is divided by 2013?
152
What is the remainder when 71539 is divided by 23838?
25
Calculate the remainder when 22627 is divided by 1190.
17
What is the remainder when 922459 is divided by 140?
139
Calculate the remainder when 33329 is divided by 123.
119
Calculate the remainder when 13516 is divided by 1352.
1348
What is the remainder when 6249 is divided by 1414?
593
What is the remainder when 17920 is divided by 206?
204
Calculate the remainder when 5101 is divided by 882.
691
Calculate the remainder when 13627 is divided by 47.
44
Calculate the remainder when 26090 is divided by 2174.
2
Calculate the remainder when 2662 is divided by 6.
4
Calculate the remainder when 96934 is divided by 185.
179
What is the remainder when 58022 is divided by 29011?
0
Calculate the remainder when 84291 is divided by 2348.
2111
What is the remainder when 13361 is divided by 584?
513
Calculate the remainder when 57830 is divided by 57821.
9
What is the remainder when 101668 is divided by 7260?
28
What is the remainder when 10613 is divided by 123?
35
Calculate the remainder when 2336 is divided by 2325.
11
Calculate the remainder when 322464 is divided by 11.
10
Calculate the remainder when 72071 is divided by 148.
143
Calculate the remainder when 819010 is divided by 4288.
2
Calculate the remainder when 275156 is divided by 55030.
6
Calculate the remainder when 50697 is divided by 16879.
60
What is the remainder when 7073 is divided by 785?
8
What is the remainder when 36897 is divided by 943?
120
What is the remainder when 54910 is divided by 12?
10
What is the remainder when 29789 is divided by 76?
73
What is the remainder when 3424 is divided by 162?
22
Calculate the remainder when 90132 is divided by 601.
583
What is the remainder when 448508 is divided by 1950?
8
Calculate the remainder when 3619 is divided by 735.
679
What is the remainder when 91971 is divided by 1373?
1353
What is the remainder when 38659 is divided by 19127?
405
What is the remainder when 8483 i